{"id":1386,"date":"2026-03-11T10:16:28","date_gmt":"2026-03-11T17:16:28","guid":{"rendered":"https:\/\/selaculturalcenter.org\/?post_type=tribe_events&#038;p=1386"},"modified":"2026-03-12T10:34:24","modified_gmt":"2026-03-12T17:34:24","slug":"reunion-9-del-panel-sela","status":"publish","type":"tribe_events","link":"https:\/\/selaculturalcenter.org\/es\/event\/reunion-9-del-panel-sela","title":{"rendered":"Reuni\u00f3n #9 del Panel SELA"},"content":{"rendered":"<p>\u00a1Est\u00e1s invitado a la pr\u00f3xima reuni\u00f3n del Panel Asesor del Centro Cultural SELA! Acomp\u00e1\u00f1anos el jueves, 9 de abril a las 4pm en Lynwood Bateman Hall o a trav\u00e9s de <a href=\"http:\/\/us06web.zoom.us\/j\/85976700624\">Zoom<\/a>. M\u00e1s informaci\u00f3n en cuanto est\u00e9 disponible. Tendr\u00e1s la oportunidad de compartir tu visi\u00f3n y pensamientos para dar forma a la programaci\u00f3n del Centro Cultural del SELA. \u00a1Esperamos verte all\u00ed!<\/p>\n<p>Comun\u00edquese con info@selaculturalcenter.org si tiene alguna pregunta.<\/p>\n","protected":false},"excerpt":{"rendered":"<p>\u00a1Est\u00e1s invitado a la pr\u00f3xima reuni\u00f3n del Panel Asesor del Centro Cultural SELA! Acomp\u00e1\u00f1anos el jueves, 9 de abril a las 4pm en Lynwood Bateman Hall o a trav\u00e9s de [&hellip;]<\/p>\n","protected":false},"author":9,"featured_media":0,"template":"","meta":{"inline_featured_image":false,"_tribe_events_status":"","_tribe_events_status_reason":"","_tribe_events_is_hybrid":"","_tribe_events_is_virtual":"","_tribe_events_virtual_video_source":"","_tribe_events_virtual_embed_video":"","_tribe_events_virtual_linked_button_text":"","_tribe_events_virtual_linked_button":"","_tribe_events_virtual_show_embed_at":"","_tribe_events_virtual_show_embed_to":[],"_tribe_events_virtual_show_on_event":"","_tribe_events_virtual_show_on_views":"","_tribe_events_virtual_url":"","footnotes":""},"tags":[],"tribe_events_cat":[36],"class_list":["post-1386","tribe_events","type-tribe_events","status-publish","hentry","tribe_events_cat-panel-meetings-es","cat_panel-meetings-es"],"yoast_head":"<!-- This site is optimized with the Yoast SEO plugin v27.4 - https:\/\/yoast.com\/product\/yoast-seo-wordpress\/ -->\n<title>Reuni\u00f3n #9 del Panel SELA - SELA<\/title>\n<meta name=\"robots\" content=\"index, follow, max-snippet:-1, max-image-preview:large, max-video-preview:-1\" \/>\n<link rel=\"canonical\" href=\"https:\/\/selaculturalcenter.org\/es\/event\/reunion-9-del-panel-sela\" \/>\n<meta property=\"og:locale\" content=\"es_ES\" \/>\n<meta property=\"og:type\" content=\"article\" \/>\n<meta property=\"og:title\" content=\"Reuni\u00f3n #9 del Panel SELA - SELA\" \/>\n<meta property=\"og:description\" content=\"\u00a1Est\u00e1s invitado a la pr\u00f3xima reuni\u00f3n del Panel Asesor del Centro Cultural SELA! Acomp\u00e1\u00f1anos el jueves, 9 de abril a las 4pm en Lynwood Bateman Hall o a trav\u00e9s de [&hellip;]\" \/>\n<meta property=\"og:url\" content=\"https:\/\/selaculturalcenter.org\/es\/event\/reunion-9-del-panel-sela\" \/>\n<meta property=\"og:site_name\" content=\"SELA\" \/>\n<meta property=\"article:modified_time\" content=\"2026-03-12T17:34:24+00:00\" \/>\n<meta name=\"twitter:card\" content=\"summary_large_image\" \/>\n<meta name=\"twitter:label1\" content=\"Est. reading time\" \/>\n\t<meta name=\"twitter:data1\" content=\"1 minuto\" \/>\n<script type=\"application\/ld+json\" class=\"yoast-schema-graph\">{\"@context\":\"https:\\\/\\\/schema.org\",\"@graph\":[{\"@type\":\"WebPage\",\"@id\":\"https:\\\/\\\/selaculturalcenter.org\\\/es\\\/event\\\/reunion-9-del-panel-sela\",\"url\":\"https:\\\/\\\/selaculturalcenter.org\\\/es\\\/event\\\/reunion-9-del-panel-sela\",\"name\":\"Reuni\u00f3n #9 del Panel SELA - SELA\",\"isPartOf\":{\"@id\":\"https:\\\/\\\/selaculturalcenter.org\\\/#website\"},\"datePublished\":\"2026-03-11T17:16:28+00:00\",\"dateModified\":\"2026-03-12T17:34:24+00:00\",\"breadcrumb\":{\"@id\":\"https:\\\/\\\/selaculturalcenter.org\\\/es\\\/event\\\/reunion-9-del-panel-sela#breadcrumb\"},\"inLanguage\":\"es\",\"potentialAction\":[{\"@type\":\"ReadAction\",\"target\":[\"https:\\\/\\\/selaculturalcenter.org\\\/es\\\/event\\\/reunion-9-del-panel-sela\"]}]},{\"@type\":\"BreadcrumbList\",\"@id\":\"https:\\\/\\\/selaculturalcenter.org\\\/es\\\/event\\\/reunion-9-del-panel-sela#breadcrumb\",\"itemListElement\":[{\"@type\":\"ListItem\",\"position\":1,\"name\":\"Home\",\"item\":\"https:\\\/\\\/selaculturalcenter.org\\\/\"},{\"@type\":\"ListItem\",\"position\":2,\"name\":\"Events\",\"item\":\"https:\\\/\\\/selaculturalcenter.org\\\/events\\\/\"},{\"@type\":\"ListItem\",\"position\":3,\"name\":\"Reuni\u00f3n #9 del Panel SELA\"}]},{\"@type\":\"WebSite\",\"@id\":\"https:\\\/\\\/selaculturalcenter.org\\\/#website\",\"url\":\"https:\\\/\\\/selaculturalcenter.org\\\/\",\"name\":\"SELA\",\"description\":\"Cultural Center Advisory Panel\",\"publisher\":{\"@id\":\"https:\\\/\\\/selaculturalcenter.org\\\/#organization\"},\"potentialAction\":[{\"@type\":\"SearchAction\",\"target\":{\"@type\":\"EntryPoint\",\"urlTemplate\":\"https:\\\/\\\/selaculturalcenter.org\\\/?s={search_term_string}\"},\"query-input\":{\"@type\":\"PropertyValueSpecification\",\"valueRequired\":true,\"valueName\":\"search_term_string\"}}],\"inLanguage\":\"es\"},{\"@type\":\"Organization\",\"@id\":\"https:\\\/\\\/selaculturalcenter.org\\\/#organization\",\"name\":\"SELA\",\"url\":\"https:\\\/\\\/selaculturalcenter.org\\\/\",\"logo\":{\"@type\":\"ImageObject\",\"inLanguage\":\"es\",\"@id\":\"https:\\\/\\\/selaculturalcenter.org\\\/#\\\/schema\\\/logo\\\/image\\\/\",\"url\":\"https:\\\/\\\/selaculturalcenter.org\\\/wp-content\\\/uploads\\\/2024\\\/02\\\/SELA-Logo.png\",\"contentUrl\":\"https:\\\/\\\/selaculturalcenter.org\\\/wp-content\\\/uploads\\\/2024\\\/02\\\/SELA-Logo.png\",\"width\":311,\"height\":137,\"caption\":\"SELA\"},\"image\":{\"@id\":\"https:\\\/\\\/selaculturalcenter.org\\\/#\\\/schema\\\/logo\\\/image\\\/\"}}]}<\/script>\n<!-- \/ Yoast SEO plugin. -->","yoast_head_json":{"title":"Reuni\u00f3n #9 del Panel SELA - SELA","robots":{"index":"index","follow":"follow","max-snippet":"max-snippet:-1","max-image-preview":"max-image-preview:large","max-video-preview":"max-video-preview:-1"},"canonical":"https:\/\/selaculturalcenter.org\/es\/event\/reunion-9-del-panel-sela","og_locale":"es_ES","og_type":"article","og_title":"Reuni\u00f3n #9 del Panel SELA - SELA","og_description":"\u00a1Est\u00e1s invitado a la pr\u00f3xima reuni\u00f3n del Panel Asesor del Centro Cultural SELA! Acomp\u00e1\u00f1anos el jueves, 9 de abril a las 4pm en Lynwood Bateman Hall o a trav\u00e9s de [&hellip;]","og_url":"https:\/\/selaculturalcenter.org\/es\/event\/reunion-9-del-panel-sela","og_site_name":"SELA","article_modified_time":"2026-03-12T17:34:24+00:00","twitter_card":"summary_large_image","twitter_misc":{"Est. reading time":"1 minuto"},"schema":{"@context":"https:\/\/schema.org","@graph":[{"@type":"WebPage","@id":"https:\/\/selaculturalcenter.org\/es\/event\/reunion-9-del-panel-sela","url":"https:\/\/selaculturalcenter.org\/es\/event\/reunion-9-del-panel-sela","name":"Reuni\u00f3n #9 del Panel SELA - SELA","isPartOf":{"@id":"https:\/\/selaculturalcenter.org\/#website"},"datePublished":"2026-03-11T17:16:28+00:00","dateModified":"2026-03-12T17:34:24+00:00","breadcrumb":{"@id":"https:\/\/selaculturalcenter.org\/es\/event\/reunion-9-del-panel-sela#breadcrumb"},"inLanguage":"es","potentialAction":[{"@type":"ReadAction","target":["https:\/\/selaculturalcenter.org\/es\/event\/reunion-9-del-panel-sela"]}]},{"@type":"BreadcrumbList","@id":"https:\/\/selaculturalcenter.org\/es\/event\/reunion-9-del-panel-sela#breadcrumb","itemListElement":[{"@type":"ListItem","position":1,"name":"Home","item":"https:\/\/selaculturalcenter.org\/"},{"@type":"ListItem","position":2,"name":"Events","item":"https:\/\/selaculturalcenter.org\/events\/"},{"@type":"ListItem","position":3,"name":"Reuni\u00f3n #9 del Panel SELA"}]},{"@type":"WebSite","@id":"https:\/\/selaculturalcenter.org\/#website","url":"https:\/\/selaculturalcenter.org\/","name":"SELA","description":"Cultural Center Advisory Panel","publisher":{"@id":"https:\/\/selaculturalcenter.org\/#organization"},"potentialAction":[{"@type":"SearchAction","target":{"@type":"EntryPoint","urlTemplate":"https:\/\/selaculturalcenter.org\/?s={search_term_string}"},"query-input":{"@type":"PropertyValueSpecification","valueRequired":true,"valueName":"search_term_string"}}],"inLanguage":"es"},{"@type":"Organization","@id":"https:\/\/selaculturalcenter.org\/#organization","name":"SELA","url":"https:\/\/selaculturalcenter.org\/","logo":{"@type":"ImageObject","inLanguage":"es","@id":"https:\/\/selaculturalcenter.org\/#\/schema\/logo\/image\/","url":"https:\/\/selaculturalcenter.org\/wp-content\/uploads\/2024\/02\/SELA-Logo.png","contentUrl":"https:\/\/selaculturalcenter.org\/wp-content\/uploads\/2024\/02\/SELA-Logo.png","width":311,"height":137,"caption":"SELA"},"image":{"@id":"https:\/\/selaculturalcenter.org\/#\/schema\/logo\/image\/"}}]}},"_links":{"self":[{"href":"https:\/\/selaculturalcenter.org\/es\/wp-json\/wp\/v2\/tribe_events\/1386","targetHints":{"allow":["GET"]}}],"collection":[{"href":"https:\/\/selaculturalcenter.org\/es\/wp-json\/wp\/v2\/tribe_events"}],"about":[{"href":"https:\/\/selaculturalcenter.org\/es\/wp-json\/wp\/v2\/types\/tribe_events"}],"author":[{"embeddable":true,"href":"https:\/\/selaculturalcenter.org\/es\/wp-json\/wp\/v2\/users\/9"}],"version-history":[{"count":0,"href":"https:\/\/selaculturalcenter.org\/es\/wp-json\/wp\/v2\/tribe_events\/1386\/revisions"}],"wp:attachment":[{"href":"https:\/\/selaculturalcenter.org\/es\/wp-json\/wp\/v2\/media?parent=1386"}],"wp:term":[{"taxonomy":"post_tag","embeddable":true,"href":"https:\/\/selaculturalcenter.org\/es\/wp-json\/wp\/v2\/tags?post=1386"},{"taxonomy":"tribe_events_cat","embeddable":true,"href":"https:\/\/selaculturalcenter.org\/es\/wp-json\/wp\/v2\/tribe_events_cat?post=1386"}],"curies":[{"name":"wp","href":"https:\/\/api.w.org\/{rel}","templated":true}]}}

Reunión #9 del Panel SELA

<p>¡Estás invitado a la próxima reunión del Panel Asesor del Centro Cultural SELA! Acompáñanos el jueves, 9 de abril a las 4pm en Lynwood Bateman Hall o a través de <a href="http://us06web.zoom.us/j/85976700624">Zoom</a>. Más información en cuanto esté disponible. Tendrás la oportunidad de compartir tu visión y pensamientos para dar forma a la programación del Centro Cultural del SELA. ¡Esperamos verte allí!</p>
<p>Comuníquese con info@selaculturalcenter.org si tiene alguna pregunta.</p>

<p>¡Estás invitado a la próxima reunión del Panel Asesor del Centro Cultural SELA! Acompáñanos el jueves, 9 de abril a las 4pm en Lynwood Bateman Hall o a través de [&hellip;]</p>

<!-- This site is optimized with the Yoast SEO plugin v27.4 - https://yoast.com/product/yoast-seo-wordpress/ -->
<title>Reunión #9 del Panel SELA - SELA</title>
<meta name="robots" content="index, follow, max-snippet:-1, max-image-preview:large, max-video-preview:-1" />
<link rel="canonical" href="https://selaculturalcenter.org/es/event/reunion-9-del-panel-sela" />
<meta property="og:locale" content="es_ES" />
<meta property="og:type" content="article" />
<meta property="og:title" content="Reunión #9 del Panel SELA - SELA" />
<meta property="og:description" content="¡Estás invitado a la próxima reunión del Panel Asesor del Centro Cultural SELA! Acompáñanos el jueves, 9 de abril a las 4pm en Lynwood Bateman Hall o a través de [&hellip;]" />
<meta property="og:url" content="https://selaculturalcenter.org/es/event/reunion-9-del-panel-sela" />
<meta property="og:site_name" content="SELA" />
<meta property="article:modified_time" content="2026-03-12T17:34:24+00:00" />
<meta name="twitter:card" content="summary_large_image" />
<meta name="twitter:label1" content="Est. reading time" />
	<meta name="twitter:data1" content="1 minuto" />
<script type="application/ld+json" class="yoast-schema-graph">{"@context":"https:\/\/schema.org","@graph":[{"@type":"WebPage","@id":"https:\/\/selaculturalcenter.org\/es\/event\/reunion-9-del-panel-sela","url":"https:\/\/selaculturalcenter.org\/es\/event\/reunion-9-del-panel-sela","name":"Reunión #9 del Panel SELA - SELA","isPartOf":{"@id":"https:\/\/selaculturalcenter.org\/#website"},"datePublished":"2026-03-11T17:16:28+00:00","dateModified":"2026-03-12T17:34:24+00:00","breadcrumb":{"@id":"https:\/\/selaculturalcenter.org\/es\/event\/reunion-9-del-panel-sela#breadcrumb"},"inLanguage":"es","potentialAction":[{"@type":"ReadAction","target":["https:\/\/selaculturalcenter.org\/es\/event\/reunion-9-del-panel-sela"]}]},{"@type":"BreadcrumbList","@id":"https:\/\/selaculturalcenter.org\/es\/event\/reunion-9-del-panel-sela#breadcrumb","itemListElement":[{"@type":"ListItem","position":1,"name":"Home","item":"https:\/\/selaculturalcenter.org\/"},{"@type":"ListItem","position":2,"name":"Events","item":"https:\/\/selaculturalcenter.org\/events\/"},{"@type":"ListItem","position":3,"name":"Reunión #9 del Panel SELA"}]},{"@type":"WebSite","@id":"https:\/\/selaculturalcenter.org\/#website","url":"https:\/\/selaculturalcenter.org\/","name":"SELA","description":"Cultural Center Advisory Panel","publisher":{"@id":"https:\/\/selaculturalcenter.org\/#organization"},"potentialAction":[{"@type":"SearchAction","target":{"@type":"EntryPoint","urlTemplate":"https:\/\/selaculturalcenter.org\/?s={search_term_string}"},"query-input":{"@type":"PropertyValueSpecification","valueRequired":true,"valueName":"search_term_string"}}],"inLanguage":"es"},{"@type":"Organization","@id":"https:\/\/selaculturalcenter.org\/#organization","name":"SELA","url":"https:\/\/selaculturalcenter.org\/","logo":{"@type":"ImageObject","inLanguage":"es","@id":"https:\/\/selaculturalcenter.org\/#\/schema\/logo\/image\/","url":"https:\/\/selaculturalcenter.org\/wp-content\/uploads\/2024\/02\/SELA-Logo.png","contentUrl":"https:\/\/selaculturalcenter.org\/wp-content\/uploads\/2024\/02\/SELA-Logo.png","width":311,"height":137,"caption":"SELA"},"image":{"@id":"https:\/\/selaculturalcenter.org\/#\/schema\/logo\/image\/"}}]}</script>
<!-- / Yoast SEO plugin. -->

Reunión #9 del Panel SELA - SELA

¡Estás invitado a la próxima reunión del Panel Asesor del Centro Cultural SELA! Acompáñanos el jueves, 9 de abril a las 4pm en Lynwood Bateman Hall o a través de [&hellip;]
