{"id":1128,"date":"2025-08-18T11:23:34","date_gmt":"2025-08-18T18:23:34","guid":{"rendered":"https:\/\/selaculturalcenter.org\/event\/sela-panel-meeting-6\/"},"modified":"2025-08-20T17:59:10","modified_gmt":"2025-08-21T00:59:10","slug":"sela-panel-meeting-6","status":"publish","type":"tribe_events","link":"https:\/\/selaculturalcenter.org\/es\/event\/sela-panel-meeting-6","title":{"rendered":"Reuni\u00f3n del Panel SELA #6"},"content":{"rendered":"<p>\u00a1Est\u00e1s invitado a la pr\u00f3xima reuni\u00f3n del Panel Asesor del Centro Cultural SELA! Acomp\u00e1\u00f1anos el jueves, 28 de agosto, a las 5 p.m. en Lynwood Bateman Hall Auditorium (en persona) o a trav\u00e9s de <a href=\"http:\/\/us06web.zoom.us\/j\/85976700624\">Zoom<\/a>. Tendr\u00e1s la oportunidad de compartir tu visi\u00f3n y pensamientos para dar forma a la programaci\u00f3n del Centro Cultural SELA. \u00a1Esperamos verte all\u00ed!<\/p>\n<p>Comun\u00edquese con info@selaculturalcenter.org si tiene alguna pregunta.<\/p>\n<p><a class=\"x1i10hfl xjbqb8w x1ejq31n x18oe1m7 x1sy0etr xstzfhl x972fbf x10w94by x1qhh985 x14e42zd x9f619 x1ypdohk xt0psk2 x3ct3a4 xdj266r x14z9mp xat24cr x1lziwak xexx8yu xyri2b x18d9i69 x1c1uobl x16tdsg8 x1hl2dhg xggy1nq x1a2a7pz _aa9_ _a6hd\" tabindex=\"0\" role=\"link\" href=\"https:\/\/www.instagram.com\/explore\/tags\/selaculturalcenter\/?hl=en\">#SELACulturalCenter<\/a> <a class=\"x1i10hfl xjbqb8w x1ejq31n x18oe1m7 x1sy0etr xstzfhl x972fbf x10w94by x1qhh985 x14e42zd x9f619 x1ypdohk xt0psk2 x3ct3a4 xdj266r x14z9mp xat24cr x1lziwak xexx8yu xyri2b x18d9i69 x1c1uobl x16tdsg8 x1hl2dhg xggy1nq x1a2a7pz _aa9_ _a6hd\" tabindex=\"0\" role=\"link\" href=\"https:\/\/www.instagram.com\/explore\/tags\/selacommunity\/?hl=en\">#SELACommunity<\/a> <a class=\"x1i10hfl xjbqb8w x1ejq31n x18oe1m7 x1sy0etr xstzfhl x972fbf x10w94by x1qhh985 x14e42zd x9f619 x1ypdohk xt0psk2 x3ct3a4 xdj266r x14z9mp xat24cr x1lziwak xexx8yu xyri2b x18d9i69 x1c1uobl x16tdsg8 x1hl2dhg xggy1nq x1a2a7pz _aa9_ _a6hd\" tabindex=\"0\" role=\"link\" href=\"https:\/\/www.instagram.com\/explore\/tags\/sela\/?hl=en\">#SELA<\/a><\/p>\n<p><a href=\"https:\/\/www.instagram.com\/p\/DM-xaWEvRq0\/?hl=en&amp;img_index=1\">Enlace a Instagram<\/a><\/p>\n","protected":false},"excerpt":{"rendered":"<p>\u00a1Est\u00e1s invitado a la pr\u00f3xima reuni\u00f3n del Panel Asesor del Centro Cultural SELA! Acomp\u00e1\u00f1anos el jueves, 28 de agosto, a las 5 p.m. en Lynwood Bateman Hall Auditorium (en persona) [&hellip;]<\/p>\n","protected":false},"author":9,"featured_media":0,"template":"","meta":{"inline_featured_image":false,"_tribe_events_status":"","_tribe_events_status_reason":"","_tribe_events_is_hybrid":"","_tribe_events_is_virtual":"","_tribe_events_virtual_video_source":"","_tribe_events_virtual_embed_video":"","_tribe_events_virtual_linked_button_text":"","_tribe_events_virtual_linked_button":"","_tribe_events_virtual_show_embed_at":"","_tribe_events_virtual_show_embed_to":[],"_tribe_events_virtual_show_on_event":"","_tribe_events_virtual_show_on_views":"","_tribe_events_virtual_url":"","footnotes":""},"tags":[],"tribe_events_cat":[36],"class_list":["post-1128","tribe_events","type-tribe_events","status-publish","hentry","tribe_events_cat-panel-meetings-es","cat_panel-meetings-es"],"yoast_head":"<!-- This site is optimized with the Yoast SEO plugin v27.4 - https:\/\/yoast.com\/product\/yoast-seo-wordpress\/ -->\n<title>Reuni\u00f3n del Panel SELA #6 - SELA<\/title>\n<meta name=\"robots\" content=\"index, follow, max-snippet:-1, max-image-preview:large, max-video-preview:-1\" \/>\n<link rel=\"canonical\" href=\"https:\/\/selaculturalcenter.org\/event\/sela-panel-meeting-6\" \/>\n<meta property=\"og:locale\" content=\"es_ES\" \/>\n<meta property=\"og:type\" content=\"article\" \/>\n<meta property=\"og:title\" content=\"Reuni\u00f3n del Panel SELA #6 - SELA\" \/>\n<meta property=\"og:description\" content=\"\u00a1Est\u00e1s invitado a la pr\u00f3xima reuni\u00f3n del Panel Asesor del Centro Cultural SELA! Acomp\u00e1\u00f1anos el jueves, 28 de agosto, a las 5 p.m. en Lynwood Bateman Hall Auditorium (en persona) [&hellip;]\" \/>\n<meta property=\"og:url\" content=\"https:\/\/selaculturalcenter.org\/event\/sela-panel-meeting-6\" \/>\n<meta property=\"og:site_name\" content=\"SELA\" \/>\n<meta property=\"article:modified_time\" content=\"2025-08-21T00:59:10+00:00\" \/>\n<meta name=\"twitter:card\" content=\"summary_large_image\" \/>\n<script type=\"application\/ld+json\" class=\"yoast-schema-graph\">{\"@context\":\"https:\\\/\\\/schema.org\",\"@graph\":[{\"@type\":\"WebPage\",\"@id\":\"https:\\\/\\\/selaculturalcenter.org\\\/event\\\/sela-panel-meeting-6\",\"url\":\"https:\\\/\\\/selaculturalcenter.org\\\/event\\\/sela-panel-meeting-6\",\"name\":\"Reuni\u00f3n del Panel SELA #6 - SELA\",\"isPartOf\":{\"@id\":\"https:\\\/\\\/selaculturalcenter.org\\\/#website\"},\"datePublished\":\"2025-08-18T18:23:34+00:00\",\"dateModified\":\"2025-08-21T00:59:10+00:00\",\"breadcrumb\":{\"@id\":\"https:\\\/\\\/selaculturalcenter.org\\\/event\\\/sela-panel-meeting-6#breadcrumb\"},\"inLanguage\":\"es\",\"potentialAction\":[{\"@type\":\"ReadAction\",\"target\":[\"https:\\\/\\\/selaculturalcenter.org\\\/event\\\/sela-panel-meeting-6\"]}]},{\"@type\":\"BreadcrumbList\",\"@id\":\"https:\\\/\\\/selaculturalcenter.org\\\/event\\\/sela-panel-meeting-6#breadcrumb\",\"itemListElement\":[{\"@type\":\"ListItem\",\"position\":1,\"name\":\"Home\",\"item\":\"https:\\\/\\\/selaculturalcenter.org\\\/\"},{\"@type\":\"ListItem\",\"position\":2,\"name\":\"Events\",\"item\":\"https:\\\/\\\/selaculturalcenter.org\\\/events\\\/\"},{\"@type\":\"ListItem\",\"position\":3,\"name\":\"Reuni\u00f3n del Panel SELA #6\"}]},{\"@type\":\"WebSite\",\"@id\":\"https:\\\/\\\/selaculturalcenter.org\\\/#website\",\"url\":\"https:\\\/\\\/selaculturalcenter.org\\\/\",\"name\":\"SELA\",\"description\":\"Cultural Center Advisory Panel\",\"publisher\":{\"@id\":\"https:\\\/\\\/selaculturalcenter.org\\\/#organization\"},\"potentialAction\":[{\"@type\":\"SearchAction\",\"target\":{\"@type\":\"EntryPoint\",\"urlTemplate\":\"https:\\\/\\\/selaculturalcenter.org\\\/?s={search_term_string}\"},\"query-input\":{\"@type\":\"PropertyValueSpecification\",\"valueRequired\":true,\"valueName\":\"search_term_string\"}}],\"inLanguage\":\"es\"},{\"@type\":\"Organization\",\"@id\":\"https:\\\/\\\/selaculturalcenter.org\\\/#organization\",\"name\":\"SELA\",\"url\":\"https:\\\/\\\/selaculturalcenter.org\\\/\",\"logo\":{\"@type\":\"ImageObject\",\"inLanguage\":\"es\",\"@id\":\"https:\\\/\\\/selaculturalcenter.org\\\/#\\\/schema\\\/logo\\\/image\\\/\",\"url\":\"https:\\\/\\\/selaculturalcenter.org\\\/wp-content\\\/uploads\\\/2024\\\/02\\\/SELA-Logo.png\",\"contentUrl\":\"https:\\\/\\\/selaculturalcenter.org\\\/wp-content\\\/uploads\\\/2024\\\/02\\\/SELA-Logo.png\",\"width\":311,\"height\":137,\"caption\":\"SELA\"},\"image\":{\"@id\":\"https:\\\/\\\/selaculturalcenter.org\\\/#\\\/schema\\\/logo\\\/image\\\/\"}}]}<\/script>\n<!-- \/ Yoast SEO plugin. -->","yoast_head_json":{"title":"Reuni\u00f3n del Panel SELA #6 - SELA","robots":{"index":"index","follow":"follow","max-snippet":"max-snippet:-1","max-image-preview":"max-image-preview:large","max-video-preview":"max-video-preview:-1"},"canonical":"https:\/\/selaculturalcenter.org\/event\/sela-panel-meeting-6","og_locale":"es_ES","og_type":"article","og_title":"Reuni\u00f3n del Panel SELA #6 - SELA","og_description":"\u00a1Est\u00e1s invitado a la pr\u00f3xima reuni\u00f3n del Panel Asesor del Centro Cultural SELA! Acomp\u00e1\u00f1anos el jueves, 28 de agosto, a las 5 p.m. en Lynwood Bateman Hall Auditorium (en persona) [&hellip;]","og_url":"https:\/\/selaculturalcenter.org\/event\/sela-panel-meeting-6","og_site_name":"SELA","article_modified_time":"2025-08-21T00:59:10+00:00","twitter_card":"summary_large_image","schema":{"@context":"https:\/\/schema.org","@graph":[{"@type":"WebPage","@id":"https:\/\/selaculturalcenter.org\/event\/sela-panel-meeting-6","url":"https:\/\/selaculturalcenter.org\/event\/sela-panel-meeting-6","name":"Reuni\u00f3n del Panel SELA #6 - SELA","isPartOf":{"@id":"https:\/\/selaculturalcenter.org\/#website"},"datePublished":"2025-08-18T18:23:34+00:00","dateModified":"2025-08-21T00:59:10+00:00","breadcrumb":{"@id":"https:\/\/selaculturalcenter.org\/event\/sela-panel-meeting-6#breadcrumb"},"inLanguage":"es","potentialAction":[{"@type":"ReadAction","target":["https:\/\/selaculturalcenter.org\/event\/sela-panel-meeting-6"]}]},{"@type":"BreadcrumbList","@id":"https:\/\/selaculturalcenter.org\/event\/sela-panel-meeting-6#breadcrumb","itemListElement":[{"@type":"ListItem","position":1,"name":"Home","item":"https:\/\/selaculturalcenter.org\/"},{"@type":"ListItem","position":2,"name":"Events","item":"https:\/\/selaculturalcenter.org\/events\/"},{"@type":"ListItem","position":3,"name":"Reuni\u00f3n del Panel SELA #6"}]},{"@type":"WebSite","@id":"https:\/\/selaculturalcenter.org\/#website","url":"https:\/\/selaculturalcenter.org\/","name":"SELA","description":"Cultural Center Advisory Panel","publisher":{"@id":"https:\/\/selaculturalcenter.org\/#organization"},"potentialAction":[{"@type":"SearchAction","target":{"@type":"EntryPoint","urlTemplate":"https:\/\/selaculturalcenter.org\/?s={search_term_string}"},"query-input":{"@type":"PropertyValueSpecification","valueRequired":true,"valueName":"search_term_string"}}],"inLanguage":"es"},{"@type":"Organization","@id":"https:\/\/selaculturalcenter.org\/#organization","name":"SELA","url":"https:\/\/selaculturalcenter.org\/","logo":{"@type":"ImageObject","inLanguage":"es","@id":"https:\/\/selaculturalcenter.org\/#\/schema\/logo\/image\/","url":"https:\/\/selaculturalcenter.org\/wp-content\/uploads\/2024\/02\/SELA-Logo.png","contentUrl":"https:\/\/selaculturalcenter.org\/wp-content\/uploads\/2024\/02\/SELA-Logo.png","width":311,"height":137,"caption":"SELA"},"image":{"@id":"https:\/\/selaculturalcenter.org\/#\/schema\/logo\/image\/"}}]}},"_links":{"self":[{"href":"https:\/\/selaculturalcenter.org\/es\/wp-json\/wp\/v2\/tribe_events\/1128","targetHints":{"allow":["GET"]}}],"collection":[{"href":"https:\/\/selaculturalcenter.org\/es\/wp-json\/wp\/v2\/tribe_events"}],"about":[{"href":"https:\/\/selaculturalcenter.org\/es\/wp-json\/wp\/v2\/types\/tribe_events"}],"author":[{"embeddable":true,"href":"https:\/\/selaculturalcenter.org\/es\/wp-json\/wp\/v2\/users\/9"}],"version-history":[{"count":0,"href":"https:\/\/selaculturalcenter.org\/es\/wp-json\/wp\/v2\/tribe_events\/1128\/revisions"}],"wp:attachment":[{"href":"https:\/\/selaculturalcenter.org\/es\/wp-json\/wp\/v2\/media?parent=1128"}],"wp:term":[{"taxonomy":"post_tag","embeddable":true,"href":"https:\/\/selaculturalcenter.org\/es\/wp-json\/wp\/v2\/tags?post=1128"},{"taxonomy":"tribe_events_cat","embeddable":true,"href":"https:\/\/selaculturalcenter.org\/es\/wp-json\/wp\/v2\/tribe_events_cat?post=1128"}],"curies":[{"name":"wp","href":"https:\/\/api.w.org\/{rel}","templated":true}]}}

Reunión del Panel SELA #6

<p>¡Estás invitado a la próxima reunión del Panel Asesor del Centro Cultural SELA! Acompáñanos el jueves, 28 de agosto, a las 5 p.m. en Lynwood Bateman Hall Auditorium (en persona) o a través de <a href="http://us06web.zoom.us/j/85976700624">Zoom</a>. Tendrás la oportunidad de compartir tu visión y pensamientos para dar forma a la programación del Centro Cultural SELA. ¡Esperamos verte allí!</p>
<p>Comuníquese con info@selaculturalcenter.org si tiene alguna pregunta.</p>
<p><a class="x1i10hfl xjbqb8w x1ejq31n x18oe1m7 x1sy0etr xstzfhl x972fbf x10w94by x1qhh985 x14e42zd x9f619 x1ypdohk xt0psk2 x3ct3a4 xdj266r x14z9mp xat24cr x1lziwak xexx8yu xyri2b x18d9i69 x1c1uobl x16tdsg8 x1hl2dhg xggy1nq x1a2a7pz _aa9_ _a6hd" tabindex="0" role="link" href="https://www.instagram.com/explore/tags/selaculturalcenter/?hl=en">#SELACulturalCenter</a> <a class="x1i10hfl xjbqb8w x1ejq31n x18oe1m7 x1sy0etr xstzfhl x972fbf x10w94by x1qhh985 x14e42zd x9f619 x1ypdohk xt0psk2 x3ct3a4 xdj266r x14z9mp xat24cr x1lziwak xexx8yu xyri2b x18d9i69 x1c1uobl x16tdsg8 x1hl2dhg xggy1nq x1a2a7pz _aa9_ _a6hd" tabindex="0" role="link" href="https://www.instagram.com/explore/tags/selacommunity/?hl=en">#SELACommunity</a> <a class="x1i10hfl xjbqb8w x1ejq31n x18oe1m7 x1sy0etr xstzfhl x972fbf x10w94by x1qhh985 x14e42zd x9f619 x1ypdohk xt0psk2 x3ct3a4 xdj266r x14z9mp xat24cr x1lziwak xexx8yu xyri2b x18d9i69 x1c1uobl x16tdsg8 x1hl2dhg xggy1nq x1a2a7pz _aa9_ _a6hd" tabindex="0" role="link" href="https://www.instagram.com/explore/tags/sela/?hl=en">#SELA</a></p>
<p><a href="https://www.instagram.com/p/DM-xaWEvRq0/?hl=en&amp;img_index=1">Enlace a Instagram</a></p>

<p>¡Estás invitado a la próxima reunión del Panel Asesor del Centro Cultural SELA! Acompáñanos el jueves, 28 de agosto, a las 5 p.m. en Lynwood Bateman Hall Auditorium (en persona) [&hellip;]</p>

<!-- This site is optimized with the Yoast SEO plugin v27.4 - https://yoast.com/product/yoast-seo-wordpress/ -->
<title>Reunión del Panel SELA #6 - SELA</title>
<meta name="robots" content="index, follow, max-snippet:-1, max-image-preview:large, max-video-preview:-1" />
<link rel="canonical" href="https://selaculturalcenter.org/event/sela-panel-meeting-6" />
<meta property="og:locale" content="es_ES" />
<meta property="og:type" content="article" />
<meta property="og:title" content="Reunión del Panel SELA #6 - SELA" />
<meta property="og:description" content="¡Estás invitado a la próxima reunión del Panel Asesor del Centro Cultural SELA! Acompáñanos el jueves, 28 de agosto, a las 5 p.m. en Lynwood Bateman Hall Auditorium (en persona) [&hellip;]" />
<meta property="og:url" content="https://selaculturalcenter.org/event/sela-panel-meeting-6" />
<meta property="og:site_name" content="SELA" />
<meta property="article:modified_time" content="2025-08-21T00:59:10+00:00" />
<meta name="twitter:card" content="summary_large_image" />
<script type="application/ld+json" class="yoast-schema-graph">{"@context":"https:\/\/schema.org","@graph":[{"@type":"WebPage","@id":"https:\/\/selaculturalcenter.org\/event\/sela-panel-meeting-6","url":"https:\/\/selaculturalcenter.org\/event\/sela-panel-meeting-6","name":"Reunión del Panel SELA #6 - SELA","isPartOf":{"@id":"https:\/\/selaculturalcenter.org\/#website"},"datePublished":"2025-08-18T18:23:34+00:00","dateModified":"2025-08-21T00:59:10+00:00","breadcrumb":{"@id":"https:\/\/selaculturalcenter.org\/event\/sela-panel-meeting-6#breadcrumb"},"inLanguage":"es","potentialAction":[{"@type":"ReadAction","target":["https:\/\/selaculturalcenter.org\/event\/sela-panel-meeting-6"]}]},{"@type":"BreadcrumbList","@id":"https:\/\/selaculturalcenter.org\/event\/sela-panel-meeting-6#breadcrumb","itemListElement":[{"@type":"ListItem","position":1,"name":"Home","item":"https:\/\/selaculturalcenter.org\/"},{"@type":"ListItem","position":2,"name":"Events","item":"https:\/\/selaculturalcenter.org\/events\/"},{"@type":"ListItem","position":3,"name":"Reunión del Panel SELA #6"}]},{"@type":"WebSite","@id":"https:\/\/selaculturalcenter.org\/#website","url":"https:\/\/selaculturalcenter.org\/","name":"SELA","description":"Cultural Center Advisory Panel","publisher":{"@id":"https:\/\/selaculturalcenter.org\/#organization"},"potentialAction":[{"@type":"SearchAction","target":{"@type":"EntryPoint","urlTemplate":"https:\/\/selaculturalcenter.org\/?s={search_term_string}"},"query-input":{"@type":"PropertyValueSpecification","valueRequired":true,"valueName":"search_term_string"}}],"inLanguage":"es"},{"@type":"Organization","@id":"https:\/\/selaculturalcenter.org\/#organization","name":"SELA","url":"https:\/\/selaculturalcenter.org\/","logo":{"@type":"ImageObject","inLanguage":"es","@id":"https:\/\/selaculturalcenter.org\/#\/schema\/logo\/image\/","url":"https:\/\/selaculturalcenter.org\/wp-content\/uploads\/2024\/02\/SELA-Logo.png","contentUrl":"https:\/\/selaculturalcenter.org\/wp-content\/uploads\/2024\/02\/SELA-Logo.png","width":311,"height":137,"caption":"SELA"},"image":{"@id":"https:\/\/selaculturalcenter.org\/#\/schema\/logo\/image\/"}}]}</script>
<!-- / Yoast SEO plugin. -->

Reunión del Panel SELA #6 - SELA

¡Estás invitado a la próxima reunión del Panel Asesor del Centro Cultural SELA! Acompáñanos el jueves, 28 de agosto, a las 5 p.m. en Lynwood Bateman Hall Auditorium (en persona) [&hellip;]
